9 - -21 - -23) - (62 + -1)?
-54
What is 160 + -254 + (22 - 1) - 31?
-104
What is 8 + (-30 - -6) + 22 + -12?
-6
(-2 - (-2 + 22)) + (-115 - (35 - 145))
-27
What is the value of -29 - (208 - 206 - (-3 - -4))?
-30
Calculate (-24 + 13 - (-4 - 3)) + 35.
31
Calculate (70 - 163 - -73) + (0 - -59).
39
Evaluate 58 + -86 + (-10 - 4).
-42
-4 + (5 - 19) + 53 - -16
51
What is the value of -9 + (-1 - (5 - -9) - 23) + (2 - 1)?
-46
11 + -2 + 3 - (-128 + 164 - 65)
41
Evaluate 0 + 32 + (1 - (-5 + 11)) + -5.
22
What is the value of (-35 + 120 - 72) + 13?
26
-73 + -3 - (28 + 19 + -18 - 25)
-80
Evaluate -2 + 19 - (-25 + -110 + 148).
4
87 - (-16 - (-65 - -57))
95
Evaluate (159 - (-20 - -93)) + -69.
17
What is the value of 59 + 9 - 95 - (1 + 19)?
-47
Evaluate (16 - (16 - 11)) + -77 + 2 + -6 + 2.
-68
What is the value of 6 + (29 + -37 - (0 - -4)) - (-90 - 4)?
88
(11 - 10) + (-1 - -1) + (24 + -45 - -7)
-13
What is (29 - -10) + -27 + -22 + -10?
-20
Evaluate -64 + -44 + 106 + -32 - -50.
16
Calculate (-65 - -1) + (349 + -115 - 219).
-49
-18 - ((-18 + 9 - -11) + -13 + 8)
-15
Calculate -42 - 1 - (-1739 - -1689).
7
What is -32 + 9 + 23 - (20 - (-6 + 16 + -4))?
-14
What is the value of (50 - 1) + (420 - 475)?
-6
-56 - (39 - 64) - -28
-3
Calculate 16 + (3 - (-27 + 29) - 7).
10
(-68 - -56) + (-11 - -58)
35
0 + 1 + -41 - (-29 + 0 - (600 + -627))
-38
Evaluate -1 + 64 - (23 - (69 - 59)).
50
What is the value of 7 + (7 - 6) + (1 - -4) + -15?
-2
Evaluate (-24 - -16 - 20) + -36 + 40.
-24
What is 55 + -14 - -132 - 93?
80
What is the value of -8 + (4 - (-2 - -1)) - (-14 - -8)?
3
(208 - (130 - 19)) + -74
23
1 + (-1 - 80) + (5356 - 5323)
-47
Calculate -85 - (-86 - (-39 - -4)).
-34
Calculate -81 - (1 + (8 - 19) + 15) - (-46 + 59).
-99
Calculate (-15 - -50) + 37 - 56.
16
Calculate (3 - (-8 + (13 - 11))) + 8 + 50 - -7.
74
What is the value of (22 - (-82 - -152)) + (1 - -4)?
-43
Calculate -124 + 131 - (-1 + -19) - (15 - 18).
30
(3501 - 3469) + 1 + (0 - (-8 - 2))
43
(-6 - -1) + 246 + -227 + -68
-54
Calculate (15 + -16 - -15) + -21 + -33.
-40
What is 18 + -19 + (4 - (-2 - -11)) - (53 - 46)?
-13
What is -4 + (70 - 33) + -24 - 6?
3
What is the value of 514 + -642 - (-99 - -1)?
-30
What is 1 - (15 - 6) - (-3 + 4 - -14)?
-23
What is the value of 54 + -188 + -48 + 111?
-71
What is -13 + 6 + 10 + 1 + -41 + 10?
-27
What is the value of -9 - (3 - (3 + (14 - 10) + -7 + 48))?
36
Calculate 1 - 1 - -97 - (3 + -115 + 100) - 2.
107
Evaluate -1079 + 1138 - (-33 - -36 - (-1 + 0 - 4)).
51
What is the value of 75 - (53 + -88 + 33)?
77
Evaluate -70 - -49 - -35 - (3 - (4 + -4)).
11
Calculate (-10 + 11 + -14 - (-16 + 23)) + -81.
-101
Evaluate (1 - 24) + 479 + -480.
-24
Evaluate 62 + (10 - (-3 - -54)).
21
Evaluate (67 + -36 - 23) + 31.
39
-6 + 12 + (19 - (12 + 12)) + (-21 - 2)
-22
Evaluate -183 - (87 - 164) - -98.
-8
Evaluate (12 - (6 + (23 - 17))) + (3 - 68).
-65
What is the value of (-1 - -5) + (81 - (85 + -13)) + 1 + -73?
-59
What is the value of 44 + (10 - (60 - -15))?
-21
Evaluate 23 + (18 - (-26 - (-27 - -11))).
51
What is (-24 + 31 - (-12 - 1)) + (44 - -2)?
66
47 - (-10 + 0 + 62 + -24 + -27)
46
What is the value of 43 - 1 - 1 - (-7 + -18 + 75 + -61)?
52
Calculate (16 - (-7 + (-11 - -28))) + 16.
22
Evaluate (505 - 500) + (2 - 2) + 1 + 89.
95
What is the value of 12 - (-3 - (91 - 6) - -21 - -1)?
78
What is (0 - (1 + 78)) + -5026 + 5050?
-55
What is -24 - (-27 - (1 + -41))?
-37
What is the value of 2 + -8 - ((-6 - -10 - -7 - -119) + -3)?
-133
Evaluate 7 + 6 - (-4 + 11 + -20 + -8).
34
Evaluate -6 + (58 - 31) - (-2 - (-10 + -2)).
11
-51 + (-3 - (-11 + 4)) - (-22 - -17)
-42
What is the value of -38 - (-1 + 23 + -65)?
5
What is 21 - (-6 - (-9 + 9 + -68))?
-41
Evaluate 5 - -3 - ((-3 + -2 - -2) + 34 + 5).
-28
Calculate -11 - (6 - 3) - ((0 - 29) + 23) - 54.
-62
Calculate -17 + 9 + (651 - 611) - (-1 - -2 - 1).
32
What is the value of 27 - (30 - 24 - (-10 + 3))?
14
What is (-15 - (-33 - -24)) + 8 - -23?
25
-216 - -83 - (-313 + 162)
18
-16 - (68 - 84 - (-9 - 4 - -4))
-9
Evaluate 1 + -34 + (341 - 190 - 261).
-143
What is the value of (-63 - (15 + -145)) + -49?
18
What is the value of (-269 - -222) + 10 + 11?
-26
Evaluate -45 - (-37 - (42 + -34)).
0
What is -10 + ((2 - 5) + (70 - 42) - 6) - -56?
65
What is -27 + 75 - (48 - -79)?
-79
Calculate 22 + (31 - (-5 - (-26 + 9))).
41
Calculate (-147 - -203) + (64 - 244).
-124
Calculate (0 - -4) + (-997 - -976).
-17
What is -3 + (-2 - -61) + (-13 - -6 - 9)?
40
Evaluate (31 - (68 + -42) - (2 - -1)) + -97.
-95
Evaluate 0 + -30 + (-71 - -20) + 64.
-17
What is the value of -15 + (-44 - -8 - (1 - 6)) + -7?
-53
Evaluate (-395 - -302) + 0 + -18.
-111
Evaluate 6 - 1 - -5 - 6 - (-43 - (-28 - 23)).
-4
What is the value of -73 + (29 - (-11 + 11))?
-44
What is the value of 74 + (-45 + 36 + -19 - -12)?
58
Evaluate (3 - -2 - 16) + -12 + 17 + 10.
4
What is the value of -56 - (-121 + 63 + -18)?
20
What is -4 + -1 + 3 + (278 - 219) - 6?
51
0 - (0 + 63) - ((25 - 63) + 31)
-56
5 + (10 + -49 + 16 - 24)
-42
-4447 - -4427 - (-2 - (1 - -31))
14
Evaluate 3 + 73 + 0 + 1091 + -1104.
63
What is the value of (19 - 6 - -7 - (3 + 0)) + -2?
15
Evaluate -33 + -6 + 20 + 2 + 111 + -13.
81
Evaluate (6 - (8 - -20)) + 1 + -7 + 23.
-5
What is the value of -316 - (143 - 294) - -27?
-138
What is 40 - (87 - (-65 - -107))?
-5
-17 + (4 - 106) + 182
63
Calculate 39 + -34 - (233 - 128).
-100
-16 + -51 - -21 - -35
-11
Evaluate 31 + (24 - (59 - -4)).
-8
What is the value of -2 + (1 - -2) + 1 - (56 - -114 - 96)?
-72
Calculate 0 + -3 + 11 - -2 - (1287 + -1295) - 9.
9
Evaluate 76 - (-53 - -87 - 27).
69
What is 154 - (48 + -4 + (-281 - -278))?
113
-46 - -6 - (-16 + -34)
10
Evaluate 34 - (-22 + 182 + -24 + 12).
-114
What is the value of -55 - (49 - 87) - (15 + 0)?
-32
(37 - (20 - -88)) + 15
-56
What is 18 + (20 - 73) + 26?
-9
Calculate -35 + (-1 + -13 - (-30 - (-32 + 22))).
-29
53 + -51 + 83 + -86
-1
73 + -2 + (-36 - (-79 + 57))
57
What is 10 + -3 + -1 - (-12 - -1 - (623 - 617))?
23
What is -45 - (6 + -119) - 10?
58
-16 + (-48 - (-36 - 18))
-10
What is the value of -20 + 64 + (105 - 143)?
6
Calculate 34 + (1 - -16) - (4 + -10 + -5).
62
-14 - ((50 - 22) + -14 + (-2 - -102))
-128
-3 + -4 + 18 + (-23 + 19 - -16)
23
-152 - (-78 + -89 + 122)
-107
172 + (-39 - 29) - 33
71
Calculate 0 + (-5 - (-12 - -8)) - (-13 - 27).
39
Evaluate -2 + 5 - -5 - (-1019 + 980).
47
What is 30 + 3 - (89 + -65)?
9
What is 59 - (-16 + (10 - (20 + -7)) + -3 + 10)?
71
118 + -106 - (5 + (2 - -3)) - 4
-2
Calculate -13 + (-5 - (3 - 20)) - (-13 + 0) - -106.
118
-1 - 48 - -30 - 7
-26
What is (-13 - -5) + 12 + -12 + -4?
-12
(-5 - -2) + (-90 - -38 - -56) + (46 - 1)
46
What is 10 + (4 - 7 - (-8 + 5)) - (177 + -197)?
30
Calculate (0 - 0 - 30) + 6 + (37 - 39).
-26
What is the value of 3 - 15 - (142 + -228) - 18?
56
What is (38 - -72) + -72 + -110?
-72
What is the value of 123 + (20 + -123 - -121) + 1 + -28?
114
What is the value of -29 + 13 + -13 - -17 - -36?
24
Evaluate (-21 - (13 - -5)) + 2 - 13.
-50
What is the value of (-1 - 43) + (309 - 201)?
64
Calculate -4 + -2 + 1 - (-20 + 53 - (107 + -67)).
2
What is (171 - 163) + (-1 + 0 - (51 + -2 + -1))?
-41
What is the value of -2 - (-11 + 37) - (6 - -12)?
-46
Calculate (18 - (40 - (-4 + 13))) + 42 + (4 - 3).
30
What is -40 + 1 - (-5044 + 4978)?
27
11 + -88 + 21 + (-1 + 4 - (-10 - -20))
-63
(12 - (-7 - -48 - 20)) + -12
-21
-92 - (-21 + -61 - 3)
-7
23 - (-55 + 48 + -14)
44
What is the value of 126 + -3 + 3 - (96 - 31 - 71)?
132
Calculate 3 + 104 + (-523 + 482 - (-5 + -46)).
117
What is the value of -26 + (-1 - -11) + 237 + -236?
-15
3 - (15 + (6 - 14)) - (6 - 5 - 9)
4
What is the value of -1 - -8 - (27 + 15 + -37)?
2
What is 20 - (9 + -21) - 12 - 1?
19
Calculate 8174 - 8240 - (-33 - -1 - -1).
-35
What is the value of (-150 - -33) + 147 - 56?
-26
Calculate -1 + -10 - (-3 + -16 + 35 + -19).
-8
Evaluate 26 + (-25 + 84 + -35 - (35 - -1)).
14
(7 - 15) + (-19 - -31) - 4
0
20 + (-36 - -13 - -12) - -2
11
What is the value of (52 - -25) + -45 + -57?
-25
What is the value of 6 + (36 - 55) + 2 + -3 + 1?
-13
-4728 + 4604 - (-3 + 3 + -3 + -1)
-120
Calculate (49 - -1) + (7 - ((3 - 4) + -3 + 18)).
43
What is the value of -263 - -284 - 13 - ((0 - 0) + 2 + -125)?
131
29 + (-33 - (-4 - (-21 + 25)))
4
Calculate (9 - -1) + (79 - 32) + -67.
-10
W